{"id":566,"date":"2025-06-05T12:13:43","date_gmt":"2025-06-05T10:13:43","guid":{"rendered":"https:\/\/paroisses-ambon-damgan-penerf.fr\/?page_id=566"},"modified":"2025-06-05T12:16:38","modified_gmt":"2025-06-05T10:16:38","slug":"eglise-saint-cyr-sainte-julitte","status":"publish","type":"page","link":"https:\/\/paroisses-ambon-damgan-penerf.fr\/?page_id=566","title":{"rendered":"\u00c9glise Saint Cyr Sainte Julitte"},"content":{"rendered":"\n<figure class=\"wp-block-image size-large\"><img loading=\"lazy\" decoding=\"async\" width=\"1024\" height=\"771\" src=\"http:\/\/paroisses-ambon-damgan-penerf.fr\/wp-content\/uploads\/2025\/03\/eglise-ambon-sainte-julitte-saint-cyr-1024x771.jpg\" alt=\"\" class=\"wp-image-376\" srcset=\"https:\/\/paroisses-ambon-damgan-penerf.fr\/wp-content\/uploads\/2025\/03\/eglise-ambon-sainte-julitte-saint-cyr-1024x771.jpg 1024w, https:\/\/paroisses-ambon-damgan-penerf.fr\/wp-content\/uploads\/2025\/03\/eglise-ambon-sainte-julitte-saint-cyr-300x226.jpg 300w, https:\/\/paroisses-ambon-damgan-penerf.fr\/wp-content\/uploads\/2025\/03\/eglise-ambon-sainte-julitte-saint-cyr-768x578.jpg 768w, https:\/\/paroisses-ambon-damgan-penerf.fr\/wp-content\/uploads\/2025\/03\/eglise-ambon-sainte-julitte-saint-cyr.jpg 1200w\" sizes=\"auto, (max-width: 1024px) 100vw, 1024px\" \/><\/figure>\n\n\n\n<div style=\"height:10px\" aria-hidden=\"true\" class=\"wp-block-spacer\"><\/div>\n\n\n\n<p>Cette \u00e9glise est particuli\u00e8rement int\u00e9ressante, car, r\u00e9guli\u00e8rement remani\u00e9e on y retrouve tous les styles architecturaux du moyen \u00e2ge \u00e0 nos jours.<\/p>\n\n\n\n<h2 class=\"wp-block-heading\">Un site ancien<\/h2>\n\n\n\n<p>Situ\u00e9e sur les bases d&#8217;un \u00e9difice romain datant du III\u00e8me si\u00e8cle comprenant des thermes, une pi\u00e8ce de cuivre et d&#8217;argent datant de l&#8217;an 253 y fut d\u00e9couverte lors des fouilles arch\u00e9ologiques qui eurent lieu en 1989\/1990. Au VI\u00e8me si\u00e8cle, l&#8217;endroit aurait servi&nbsp; de sanctuaire pal\u00e9ochr\u00e9tien puis de fonderie. Apr\u00e8s la cr\u00e9ation de la paroisse d&#8217;Ambon au IX\u00e8me, il fut d\u00e9cid\u00e9 au XI\u00e8me avec de l&#8217;essor de la population de construire une \u00e9glise en forme de croix latine correspondant au crit\u00e8res de l&#8217;\u00e9poque romane.<\/p>\n\n\n\n<figure class=\"wp-block-image\"><img decoding=\"async\" src=\"http:\/\/doyennemuzillac.fr\/wp-content\/uploads\/2021\/03\/Le-choeur-de-leglise-St-Cyr-Ste-Julitte-1024x785.jpg\" alt=\"\" class=\"wp-image-290\"\/><\/figure>\n\n\n\n<div style=\"height:10px\" aria-hidden=\"true\" class=\"wp-block-spacer\"><\/div>\n\n\n\n<h2 class=\"wp-block-heading\">Des modifications r\u00e9guli\u00e8res\u2026<\/h2>\n\n\n\n<p>Modifi\u00e9e au XV\u00e8me puis agrandie au XVII\u00e8me, un nouveau porche vit le jour au XIX\u00e8me. A l&#8217;int\u00e9rieur s&#8217;y trouve 4 chapelles dont les plus grandes sont celles du Rosaire et de Notre Dame de la Piti\u00e9, toutes deux datant du XVII\u00e8me.<\/p>\n\n\n\n<p>Ainsi, au fur et \u00e0 mesure des restaurations, l&#8217;apparence de l&#8217;\u00e9glise, m\u00e9langeant progressivement le roman et le gothique puis le n\u00e9oclassique transforme cette visite en un voyage au fil du temps. D&#8217;autant que chaque modification a toujours permis de red\u00e9couvrir des traces plus anciennes, comme ces magnifiques peintures murales du XVI\u00e8me.<\/p>\n\n\n\n<h2 class=\"wp-block-heading\">\u2026Et de nombreuses difficult\u00e9s!<\/h2>\n\n\n\n<p>Outre la r\u00e9currence des travaux de modification, de nombreux incidents virent ajouter d&#8217;autres travaux de r\u00e9paration (il y en a encore aujourd&#8217;hui \u00e0 l&#8217;ext\u00e9rieur). Ainsi le clocher subit gravement la foudre en 1833 et connut d&#8217;autres d\u00e9g\u00e2ts en 1912 et 1935. Mais la plus importante p\u00e9rip\u00e9tie survint&nbsp; la nuit du 20 septembre 1906 lors du myst\u00e9rieux incendie de la sacristie. Enfin, dans les ann\u00e9es 60 une tentative rat\u00e9e de restauration eu lieu, ce qui eu pour effet le classement de l&#8217;\u00e9difice aux Monuments Historiques. La restauration reprit en 1965, dans les r\u00e8gles, sous l&#8217;\u00e9gide des Beaux Arts\u2026<\/p>\n\n\n\n<figure class=\"wp-block-image\"><img decoding=\"async\" src=\"http:\/\/doyennemuzillac.fr\/wp-content\/uploads\/2021\/03\/Ambon-St-Cyr-et-Ste-Juliitte--1024x635.jpg\" alt=\"\" class=\"wp-image-291\"\/><\/figure>\n\n\n\n<div style=\"height:10px\" aria-hidden=\"true\" class=\"wp-block-spacer\"><\/div>\n\n\n\n<p>Textes &amp; photos <strong>\u00a9 Hubert Carlier <\/strong>(Sauf cartes anciennes)<\/p>\n\n\n\n<iframe src=\"https:\/\/www.google.com\/maps\/embed?pb=!1m18!1m12!1m3!1d2692.675123308254!2d-2.5637020133757344!3d47.55465139688802!2m3!1f0!2f0!3f0!3m2!1i1024!2i768!4f13.1!3m3!1m2!1s0x480ffae13e6edbbb%3A0x89ab7090de98f1a!2s%C3%89glise%20Saint-Cyr%20et%20Sainte-Julitte%20d&#39;Ambon!5e0!3m2!1sfr!2sfr!4v1749118573630!5m2!1sfr!2sfr\" width=\"600\" height=\"450\" style=\"border:0;\" allowfullscreen=\"\" loading=\"lazy\" referrerpolicy=\"no-referrer-when-downgrade\"><\/iframe>\n","protected":false},"excerpt":{"rendered":"<p>Cette \u00e9glise est particuli\u00e8rement int\u00e9ressante, car, r\u00e9guli\u00e8rement remani\u00e9e on y retrouve tous les styles architecturaux du moyen \u00e2ge \u00e0 nos jours. Un site ancien Situ\u00e9e sur les bases d&#8217;un \u00e9difice romain datant du III\u00e8me si\u00e8cle comprenant des thermes, une pi\u00e8ce de cuivre et d&#8217;argent datant de l&#8217;an 253 y fut d\u00e9couverte lors des fouilles arch\u00e9ologiques<a class=\"more-link\" href=\"https:\/\/paroisses-ambon-damgan-penerf.fr\/?page_id=566\">Lire la suite <span class=\"screen-reader-text\">&#8220;\u00c9glise Saint Cyr Sainte Julitte&#8221;<\/span><\/a><\/p>\n","protected":false},"author":1,"featured_media":0,"parent":0,"menu_order":0,"comment_status":"closed","ping_status":"closed","template":"","meta":{"iawp_total_views":1,"footnotes":""},"class_list":["post-566","page","type-page","status-publish","hentry","entry"],"_links":{"self":[{"href":"https:\/\/paroisses-ambon-damgan-penerf.fr\/index.php?rest_route=\/wp\/v2\/pages\/566","targetHints":{"allow":["GET"]}}],"collection":[{"href":"https:\/\/paroisses-ambon-damgan-penerf.fr\/index.php?rest_route=\/wp\/v2\/pages"}],"about":[{"href":"https:\/\/paroisses-ambon-damgan-penerf.fr\/index.php?rest_route=\/wp\/v2\/types\/page"}],"author":[{"embeddable":true,"href":"https:\/\/paroisses-ambon-damgan-penerf.fr\/index.php?rest_route=\/wp\/v2\/users\/1"}],"replies":[{"embeddable":true,"href":"https:\/\/paroisses-ambon-damgan-penerf.fr\/index.php?rest_route=%2Fwp%2Fv2%2Fcomments&post=566"}],"version-history":[{"count":3,"href":"https:\/\/paroisses-ambon-damgan-penerf.fr\/index.php?rest_route=\/wp\/v2\/pages\/566\/revisions"}],"predecessor-version":[{"id":571,"href":"https:\/\/paroisses-ambon-damgan-penerf.fr\/index.php?rest_route=\/wp\/v2\/pages\/566\/revisions\/571"}],"wp:attachment":[{"href":"https:\/\/paroisses-ambon-damgan-penerf.fr\/index.php?rest_route=%2Fwp%2Fv2%2Fmedia&parent=566"}],"curies":[{"name":"wp","href":"https:\/\/api.w.org\/{rel}","templated":true}]}}