{"id":362,"date":"2025-02-19T11:27:28","date_gmt":"2025-02-19T10:27:28","guid":{"rendered":"https:\/\/paroisses-ambon-damgan-penerf.fr\/?page_id=362"},"modified":"2025-06-05T10:56:52","modified_gmt":"2025-06-05T08:56:52","slug":"eglise-notre-dame-de-bonne-nouvelle","status":"publish","type":"page","link":"https:\/\/paroisses-ambon-damgan-penerf.fr\/?page_id=362","title":{"rendered":"\u00c9glise Notre-Dame de Bonne-Nouvelle"},"content":{"rendered":"\n<figure class=\"wp-block-image size-full\"><img loading=\"lazy\" decoding=\"async\" width=\"1024\" height=\"768\" src=\"http:\/\/paroisses-ambon-damgan-penerf.fr\/wp-content\/uploads\/2025\/06\/Eglise-Notre-Dame-de-Bonne-Nouvelle.jpg\" alt=\"\" class=\"wp-image-468\" srcset=\"https:\/\/paroisses-ambon-damgan-penerf.fr\/wp-content\/uploads\/2025\/06\/Eglise-Notre-Dame-de-Bonne-Nouvelle.jpg 1024w, https:\/\/paroisses-ambon-damgan-penerf.fr\/wp-content\/uploads\/2025\/06\/Eglise-Notre-Dame-de-Bonne-Nouvelle-300x225.jpg 300w, https:\/\/paroisses-ambon-damgan-penerf.fr\/wp-content\/uploads\/2025\/06\/Eglise-Notre-Dame-de-Bonne-Nouvelle-768x576.jpg 768w\" sizes=\"auto, (max-width: 1024px) 100vw, 1024px\" \/><\/figure>\n\n\n\n<div style=\"height:10px\" aria-hidden=\"true\" class=\"wp-block-spacer\"><\/div>\n\n\n\n<p>Construite juste apr\u00e8s l\u2019ind\u00e9pendance de la commune en 1825 elle poss\u00e8de d\u00e9j\u00e0 une identit\u00e9 forte et a connu plusieurs restaurations.<\/p>\n\n\n\n<h2 class=\"wp-block-heading\">Une nouvelle \u00e9glise pour une commune nouvelle<\/h2>\n\n\n\n<p>Damgan obtint son ind\u00e9pendance vis-\u00e0-vis d&#8217;Ambon en 1825. Il y existait une petite chapelle, d\u00e9di\u00e9e \u00e0 Notre Dame de Bonne Nouvelle, datant de la fin du XVIe qui fut \u00e9lev\u00e9e au rang d&#8217;\u00e9glise paroissiale juste avant la scission en 1820.<\/p>\n\n\n\n<p>Celle-ci commen\u00e7ait \u00e0 se d\u00e9labrer s\u00e9rieusement \u00e0 l&#8217;arriv\u00e9e du nouveau et dynamique recteur Rio, nomm\u00e9 en 1837. F\u00e9d\u00e9rant les paroissiens, la mairie et le gouvernement il obtint les fonds pour la reb\u00e2tir d\u00e8s 1842. Les travaux se termin\u00e8rent 10 ans plus tard.<\/p>\n\n\n\n<figure class=\"wp-block-image\"><img decoding=\"async\" src=\"http:\/\/doyennemuzillac.fr\/wp-content\/uploads\/2021\/03\/2014-11-30-Eglise-Damgan-2-Interieur-3aa-1024x784.jpg\" alt=\"\" class=\"wp-image-331\"\/><\/figure>\n\n\n\n<div style=\"height:10px\" aria-hidden=\"true\" class=\"wp-block-spacer\"><\/div>\n\n\n\n<h2 class=\"wp-block-heading\">Une premi\u00e8re restauration<\/h2>\n\n\n\n<p>Durant les ann\u00e9es qui suivirent, son int\u00e9rieur fut progressivement embelli. Mais en 1871 les murs mena\u00e7aient de s&#8217;effondrer. En effets, proche des marais ses fondations n&#8217;\u00e9taient pas assez profondes pour tenir, d&#8217;autant que le sable utilis\u00e9 contenait du sel. Pour ne rien arranger, la foudre frappa en 1872.<\/p>\n\n\n\n<p>Les travaux eurent lieu en 1878 avec la consolidation des murs par l&#8217;adjonction d&#8217;\u00e9tais lat\u00e9raux en bois. La charpente et le lambris furent \u00e9galement refaits&nbsp;.<\/p>\n\n\n\n<h2 class=\"wp-block-heading\">Une deuxi\u00e8me restauration<\/h2>\n\n\n\n<p>Un autre personnage important de la commune sauva l&#8217;\u00e9glise, \u00e9galement apr\u00e8s son arriv\u00e9e, il s\u2019agit du tr\u00e8s appr\u00e9ci\u00e9 recteur Larboulette nomm\u00e9 en 1952. En effet un plancher de la tour s&#8217;\u00e9croula en 1954 et le diagnostic effectu\u00e9 dans la foul\u00e9e releva de nombreuses faiblesses.<\/p>\n\n\n\n<p>Ainsi les \u00e9tais sont remplac\u00e9s par 4 contreforts ma\u00e7onn\u00e9s en pierre, la charpente et la voute furent consolid\u00e9es et un mur de briques redressa l&#8217;aplomb du b\u00e2timent. Pour soulager les s\u0153urs de la t\u00e2che de sonner les cloches, l&#8217;\u00e9lectricit\u00e9 fut install\u00e9e et les travaux se termin\u00e8rent en 1959 avec la pose des vitraux.<\/p>\n\n\n<div class=\"wp-block-image\">\n<figure class=\"aligncenter\"><img decoding=\"async\" src=\"http:\/\/doyennemuzillac.fr\/wp-content\/uploads\/2021\/03\/vue-aerienne-vers-1955.jpg\" alt=\"\" class=\"wp-image-332\"\/><\/figure>\n<\/div>\n\n\n<div style=\"height:10px\" aria-hidden=\"true\" class=\"wp-block-spacer\"><\/div>\n\n\n\n<h2 class=\"wp-block-heading\">La complainte des cloches<\/h2>\n\n\n\n<p>Une premi\u00e8re cloche fut achet\u00e9e avant la construction de l&#8217;\u00e9glise en 1833, une seconde en 1868 et une troisi\u00e8me en 1883 apr\u00e8s la 1\u00e8re restauration. Elles furent remplac\u00e9es en 1931 et les nouvelles furent b\u00e9nies et baptis\u00e9es en grandes pompes par l\u2019\u00e9v\u00eaque de Vannes Mgr Tr\u00e9hiou le 28 juin 1931.<\/p>\n\n\n\n<p>En 2016 on s&#8217;aper\u00e7ut que deux cloches mena\u00e7aient ruine.&nbsp; Sous l&#8217;impulsion d&#8217;une association locale : &#8220;<strong>Damgan, Histoire et Patrimoine&#8221; et gr\u00e2ce \u00e0 l&#8217;implication des damganais elles furent remplac\u00e9es d\u00e8s 2018. La B\u00e9n\u00e9diction eut lieu le 29 avril 2018 par <\/strong>l&#8217;\u00e9v\u00eaque de Vannes, Raymond Cent\u00e8ne.<\/p>\n\n\n<div class=\"wp-block-image\">\n<figure class=\"aligncenter\"><img decoding=\"async\" src=\"http:\/\/doyennemuzillac.fr\/wp-content\/uploads\/2021\/03\/benediction-des-cloches-en-1931-et-2018-688x1024.jpg\" alt=\"\" class=\"wp-image-333\"\/><\/figure>\n<\/div>\n\n\n<div style=\"height:10px\" aria-hidden=\"true\" class=\"wp-block-spacer\"><\/div>\n\n\n\n<p>Textes &amp; photos <strong>\u00a9 Hubert Carlier <\/strong>(Sauf cartes anciennes et bapt\u00eame des cloches <strong>\u00a9Jacques Lafuge<\/strong>)<\/p>\n\n\n\n<iframe src=\"https:\/\/www.google.com\/maps\/embed?pb=!1m18!1m12!1m3!1d2694.4350166671434!2d-2.583595613390058!3d47.52039319687707!2m3!1f0!2f0!3f0!3m2!1i1024!2i768!4f13.1!3m3!1m2!1s0x480ffbbf0757b10d%3A0x6fa9fa8f52caa431!2s%C3%89glise%20Notre-Dame%20de%20Bonne%20Nouvelle!5e0!3m2!1sfr!2sfr!4v1749113800679!5m2!1sfr!2sfr\" width=\"600\" height=\"450\" style=\"border:0;\" allowfullscreen=\"\" loading=\"lazy\" referrerpolicy=\"no-referrer-when-downgrade\"><\/iframe>\n","protected":false},"excerpt":{"rendered":"<p>Construite juste apr\u00e8s l\u2019ind\u00e9pendance de la commune en 1825 elle poss\u00e8de d\u00e9j\u00e0 une identit\u00e9 forte et a connu plusieurs restaurations. Une nouvelle \u00e9glise pour une commune nouvelle Damgan obtint son ind\u00e9pendance vis-\u00e0-vis d&#8217;Ambon en 1825. Il y existait une petite chapelle, d\u00e9di\u00e9e \u00e0 Notre Dame de Bonne Nouvelle, datant de la fin du XVIe qui<a class=\"more-link\" href=\"https:\/\/paroisses-ambon-damgan-penerf.fr\/?page_id=362\">Lire la suite <span class=\"screen-reader-text\">&#8220;\u00c9glise Notre-Dame de Bonne-Nouvelle&#8221;<\/span><\/a><\/p>\n","protected":false},"author":1,"featured_media":0,"parent":0,"menu_order":0,"comment_status":"closed","ping_status":"closed","template":"","meta":{"iawp_total_views":1,"footnotes":""},"class_list":["post-362","page","type-page","status-publish","hentry","entry"],"_links":{"self":[{"href":"https:\/\/paroisses-ambon-damgan-penerf.fr\/index.php?rest_route=\/wp\/v2\/pages\/362","targetHints":{"allow":["GET"]}}],"collection":[{"href":"https:\/\/paroisses-ambon-damgan-penerf.fr\/index.php?rest_route=\/wp\/v2\/pages"}],"about":[{"href":"https:\/\/paroisses-ambon-damgan-penerf.fr\/index.php?rest_route=\/wp\/v2\/types\/page"}],"author":[{"embeddable":true,"href":"https:\/\/paroisses-ambon-damgan-penerf.fr\/index.php?rest_route=\/wp\/v2\/users\/1"}],"replies":[{"embeddable":true,"href":"https:\/\/paroisses-ambon-damgan-penerf.fr\/index.php?rest_route=%2Fwp%2Fv2%2Fcomments&post=362"}],"version-history":[{"count":4,"href":"https:\/\/paroisses-ambon-damgan-penerf.fr\/index.php?rest_route=\/wp\/v2\/pages\/362\/revisions"}],"predecessor-version":[{"id":505,"href":"https:\/\/paroisses-ambon-damgan-penerf.fr\/index.php?rest_route=\/wp\/v2\/pages\/362\/revisions\/505"}],"wp:attachment":[{"href":"https:\/\/paroisses-ambon-damgan-penerf.fr\/index.php?rest_route=%2Fwp%2Fv2%2Fmedia&parent=362"}],"curies":[{"name":"wp","href":"https:\/\/api.w.org\/{rel}","templated":true}]}}