{"id":172,"date":"2024-11-25T11:22:36","date_gmt":"2024-11-25T10:22:36","guid":{"rendered":"https:\/\/paroisses-ambon-damgan-penerf.fr\/?page_id=172"},"modified":"2025-06-05T12:42:55","modified_gmt":"2025-06-05T10:42:55","slug":"donner","status":"publish","type":"page","link":"https:\/\/paroisses-ambon-damgan-penerf.fr\/?page_id=172","title":{"rendered":"Donner"},"content":{"rendered":"\n<p class=\"has-text-align-center\"><strong>\u00ab Appel aux dons \u00bb<\/strong><\/p>\n\n\n\n<h2 class=\"wp-block-heading has-text-align-center\">Pour la restauration de la chapelle de Kervoyal<\/h2>\n\n\n<div class=\"wp-block-image\">\n<figure class=\"aligncenter size-thumbnail\"><img loading=\"lazy\" decoding=\"async\" width=\"150\" height=\"150\" src=\"https:\/\/paroisses-ambon-damgan-penerf.fr\/wp-content\/uploads\/2025\/03\/chapelle-kervoyale-150x150.jpg\" alt=\"\" class=\"wp-image-399\"\/><\/figure>\n<\/div>\n\n\n<div style=\"height:20px\" aria-hidden=\"true\" class=\"wp-block-spacer\"><\/div>\n\n\n\n<div class=\"wp-block-buttons is-content-justification-center is-layout-flex wp-container-core-buttons-is-layout-a89b3969 wp-block-buttons-is-layout-flex\">\n<div class=\"wp-block-button\"><a class=\"wp-block-button__link wp-element-button\" href=\"https:\/\/don.diocese-vannes.fr\/chapelle-kervoyal\/\" target=\"_blank\" rel=\"noreferrer noopener\">Faire un don en ligne<\/a><\/div>\n<\/div>\n\n\n\n<p class=\"has-text-align-left\">Vous pouvez aussi faire un don par ch\u00e8que, \u00e0 libeller \u00ab ADV &#8211; Chapelle de Kervoyal \u00bb et \u00e0 adresser au presbyt\u00e8re de Muzillac (5 rue Lamennais 56190 MUZILLAC)<\/p>\n\n\n\n<div style=\"height:40px\" aria-hidden=\"true\" class=\"wp-block-spacer\"><\/div>\n\n\n\n<h2 class=\"wp-block-heading has-text-align-center\">Pour soutenir les diff\u00e9rents travaux de ma paroisse<\/h2>\n\n\n\n<div class=\"wp-block-buttons is-content-justification-center is-layout-flex wp-container-core-buttons-is-layout-a89b3969 wp-block-buttons-is-layout-flex\">\n<div class=\"wp-block-button\"><a class=\"wp-block-button__link wp-element-button\" href=\"https:\/\/don.diocese-vannes.fr\/denier\/~mon-don?_cv=1\" target=\"_blank\" rel=\"noreferrer noopener\">Je donne au Denier de l&#8217;Eglise<\/a><\/div>\n<\/div>\n\n\n\n<p><strong>Une fois sur la page &#8220;Denier de l&#8217;\u00e9glise&#8221; : <\/strong><br>pr\u00e9ciser la nature du don en cliquant sur&nbsp;l\u2019onglet travaux<br>et indiquer le nom de la paroisse &#8220;Ambon&#8221;, &#8220;Damgan&#8221; ou &#8220;P\u00e9nerf&#8221; .<\/p>\n\n\n\n<p>L\u2019\u00c9glise ne vit que de dons. Donner au denier est une responsabilit\u00e9 solidaire que partagent tous les catholiques ; adh\u00e9rer et participer pleinement \u00e0 la mission de l\u2019\u00c9glise. Donner, c\u2019est aimer, c\u2019est esp\u00e9rer, c\u2019est accueillir, c\u2019est transmettre.<\/p>\n\n\n\n<p><strong><em>Pour tous les paroissiens&nbsp;<\/em><\/strong><em>, il est possible de donner \u00e0 la qu\u00eate au moyen de sa carte bancaire.<\/em><\/p>\n\n\n\n<p>Concr\u00e8tement, les baptis\u00e9s sont invit\u00e9s \u00e0 \u00ab donner \u00bb de diff\u00e9rentes mani\u00e8res\u2026<\/p>\n\n\n\n<div style=\"height:50px\" aria-hidden=\"true\" class=\"wp-block-spacer\"><\/div>\n\n\n\n<h3 class=\"wp-block-heading has-text-color has-link-color wp-elements-88a529bdfe51bc56ffc5898384f910fc\" style=\"color:#01094f\"><strong>La qu\u00eate lors des offices (messes, mariages, bapt\u00eames\u2026)<\/strong><\/h3>\n\n\n\n<p>Soit en d\u00e9posant de l\u2019<strong>argent liquide<\/strong>&nbsp;dans les corbeilles qui circulent<br>soit en utilisant sa carte bleue<\/p>\n\n\n\n<div style=\"height:50px\" aria-hidden=\"true\" class=\"wp-block-spacer\"><\/div>\n\n\n\n<h3 class=\"wp-block-heading has-text-color has-link-color wp-elements-8ffb5a596ef94d9a56d97fce5376c3ef\" style=\"color:#01094f\"><strong>Le casuel<\/strong><\/h3>\n\n\n\n<p>C\u2019est l\u2019offrande que l\u2019on est invit\u00e9 \u00e0 faire \u00e0 l\u2019occasion d\u2019un \u00e9v\u00e8nement particulier \u2013 bapt\u00eame, mariage, fun\u00e9railles. Dans le dioc\u00e8se \u00e0 Vannes, nous sommes invit\u00e9s \u00e0 donner :<br>Pour un bapt\u00eame : entre 70 et 300 euros.<br>Pour des fun\u00e9railles : entre 200 et 400 euros<br>Pour un mariage : entre 250 et 500 euros<br>Nous pouvons donner plus, nous pouvons donner moins. Chacun donne selon ses possibilit\u00e9s.<\/p>\n\n\n\n<div style=\"height:50px\" aria-hidden=\"true\" class=\"wp-block-spacer\"><\/div>\n\n\n\n<h3 class=\"wp-block-heading has-text-color has-link-color wp-elements-bd08a1a9ebd8412d880bd9b04f82eea2\" style=\"color:#01094f\"><strong>Le denier de l\u2019\u00c9glise<\/strong><\/h3>\n\n\n\n<p>La communaut\u00e9 paroissiale accompagne les baptis\u00e9s tout au long de leur existence (\u00e9veil \u00e0 la foi, cat\u00e9chisme, liturgie, formations, \u0153uvres caritatives, groupes de r\u00e9flexion, mouvements\u2026). Pour faire vivre l\u2019\u00c9glise, une fois par an, les fid\u00e8les sont invit\u00e9s \u00e0 donner une part de leurs revenus. Concr\u00e8tement, vous trouverez des enveloppes sur les pr\u00e9sentoirs des \u00e9glises. On peut aussi faire un don en ligne depuis le site internet du dioc\u00e8se de Vannes.<br><a href=\"https:\/\/www.vannes.catholique.fr\/faire-un-don-old\/denier-de-leglise\/\">Site du dioc\u00e8se<\/a><\/p>\n\n\n\n<div style=\"height:50px\" aria-hidden=\"true\" class=\"wp-block-spacer\"><\/div>\n\n\n\n<h3 class=\"wp-block-heading has-text-color has-link-color wp-elements-52c1e6b469755edcdd985b38b61f9ff4\" style=\"color:#01094f\"><strong>Les intentions de messe<\/strong><\/h3>\n\n\n\n<p>Toute messe est c\u00e9l\u00e9br\u00e9e pour le monde entier. Cependant, dans la grande Tradition de l\u2019\u00c9glise, les baptis\u00e9s peuvent confier des intentions particuli\u00e8res, le plus souvent pour un d\u00e9funt, mais aussi pour un malade ou une difficult\u00e9, \u00e0 l\u2019occasion d\u2019une naissance, d\u2019un anniversaire, d\u2019un mariage ou pour un autre motif d\u2019action de gr\u00e2ce.<br>En demandant la c\u00e9l\u00e9bration d\u2019une messe, vous apportez une aide mat\u00e9rielle aux pr\u00eatres.<br>Nous pouvons demander les intentions de messe au presbyt\u00e8re de sa paroisse. Dans le dioc\u00e8se \u00e0 Vannes, nous sommes invit\u00e9s \u00e0 donner \u00e0 partir de 18 euros.<\/p>\n\n\n\n<div class=\"wp-block-buttons is-content-justification-center is-layout-flex wp-container-core-buttons-is-layout-a89b3969 wp-block-buttons-is-layout-flex\">\n<div class=\"wp-block-button\"><a class=\"wp-block-button__link wp-element-button\" href=\"https:\/\/don.diocese-vannes.fr\/messes\/~mon-don\">Demande de messe<\/a><\/div>\n<\/div>\n\n\n\n<p><\/p>\n\n\n\n<p><\/p>\n\n\n\n<div class=\"wp-block-columns is-layout-flex wp-container-core-columns-is-layout-28f84493 wp-block-columns-is-layout-flex\">\n<div class=\"wp-block-column is-layout-flow wp-block-column-is-layout-flow\"><\/div>\n\n\n\n<div class=\"wp-block-column is-layout-flow wp-block-column-is-layout-flow\"><\/div>\n\n\n\n<div class=\"wp-block-column is-layout-flow wp-block-column-is-layout-flow\"><\/div>\n<\/div>\n","protected":false},"excerpt":{"rendered":"<p>\u00ab Appel aux dons \u00bb Pour la restauration de la chapelle de Kervoyal Vous pouvez aussi faire un don par ch\u00e8que, \u00e0 libeller \u00ab ADV &#8211; Chapelle de Kervoyal \u00bb et \u00e0 adresser au presbyt\u00e8re de Muzillac (5 rue Lamennais 56190 MUZILLAC) Pour soutenir les diff\u00e9rents travaux de ma paroisse Une fois sur la page<a class=\"more-link\" href=\"https:\/\/paroisses-ambon-damgan-penerf.fr\/?page_id=172\">Lire la suite <span class=\"screen-reader-text\">&#8220;Donner&#8221;<\/span><\/a><\/p>\n","protected":false},"author":2,"featured_media":0,"parent":0,"menu_order":0,"comment_status":"closed","ping_status":"closed","template":"","meta":{"iawp_total_views":10,"footnotes":""},"class_list":["post-172","page","type-page","status-publish","hentry","entry"],"_links":{"self":[{"href":"https:\/\/paroisses-ambon-damgan-penerf.fr\/index.php?rest_route=\/wp\/v2\/pages\/172","targetHints":{"allow":["GET"]}}],"collection":[{"href":"https:\/\/paroisses-ambon-damgan-penerf.fr\/index.php?rest_route=\/wp\/v2\/pages"}],"about":[{"href":"https:\/\/paroisses-ambon-damgan-penerf.fr\/index.php?rest_route=\/wp\/v2\/types\/page"}],"author":[{"embeddable":true,"href":"https:\/\/paroisses-ambon-damgan-penerf.fr\/index.php?rest_route=\/wp\/v2\/users\/2"}],"replies":[{"embeddable":true,"href":"https:\/\/paroisses-ambon-damgan-penerf.fr\/index.php?rest_route=%2Fwp%2Fv2%2Fcomments&post=172"}],"version-history":[{"count":21,"href":"https:\/\/paroisses-ambon-damgan-penerf.fr\/index.php?rest_route=\/wp\/v2\/pages\/172\/revisions"}],"predecessor-version":[{"id":576,"href":"https:\/\/paroisses-ambon-damgan-penerf.fr\/index.php?rest_route=\/wp\/v2\/pages\/172\/revisions\/576"}],"wp:attachment":[{"href":"https:\/\/paroisses-ambon-damgan-penerf.fr\/index.php?rest_route=%2Fwp%2Fv2%2Fmedia&parent=172"}],"curies":[{"name":"wp","href":"https:\/\/api.w.org\/{rel}","templated":true}]}}