{"id":156,"date":"2024-11-25T11:02:54","date_gmt":"2024-11-25T10:02:54","guid":{"rendered":"https:\/\/paroisses-ambon-damgan-penerf.fr\/?page_id=156"},"modified":"2025-11-13T11:22:27","modified_gmt":"2025-11-13T10:22:27","slug":"ressourcement-et-formation","status":"publish","type":"page","link":"https:\/\/paroisses-ambon-damgan-penerf.fr\/?page_id=156","title":{"rendered":"Ressourcement et formation"},"content":{"rendered":"\n<div style=\"height:10px\" aria-hidden=\"true\" class=\"wp-block-spacer\"><\/div>\n\n\n\n<h3 class=\"wp-block-heading\">Pri\u00e8re de louange Maris Stella<\/h3>\n\n\n\n<p><strong>Quand ?<\/strong><br>Le lundi \u00e0 17h \u00e0 l\u2019\u00e9glise de Muzillac et un vendredi sur deux 20h30 \u00e0 l\u2019oratoire de l\u2019\u00e9glise de Muzillac<br><strong>Contact<\/strong><br>Jean-Joseph ROUE&nbsp;&nbsp;&#8211; <a href=\"tel:0699353569\">06 99 35 35 69<\/a><\/p>\n\n\n\n<div style=\"height:10px\" aria-hidden=\"true\" class=\"wp-block-spacer\"><\/div>\n\n\n\n<h3 class=\"wp-block-heading\">Mouvement Chr\u00e9tien des Retrait\u00e9s (MCR)<\/h3>\n\n\n\n<p><strong>Quand ?<\/strong><br>Le 2e lundi de chaque mois<br><strong>Contact<\/strong><br>Eliane Longuet&nbsp;&#8211;&nbsp;<a href=\"tel:0609366161\">06 09 36 61 61<\/a><\/p>\n\n\n\n<p>Retrait\u00e9 ? Ancien ? S\u00e9nior ? A\u00een\u00e9 ? Peu importe le mot. Choisissez celui qui vous convient. Une chose est s\u00fbre : vous avez cess\u00e9 votre activit\u00e9 professionnelle et vous entendez vivre pleinement cette nouvelle \u00e9tape de votre existence ! Le MCR vous accueille !<br>Pr\u00e9sent dans tous les dioc\u00e8ses de France, il est compos\u00e9 d\u2019\u00e9quipes qui se r\u00e9unissent une fois par mois pour r\u00e9fl\u00e9chir, \u00e9couter, dialoguer, partager leurs joies, leurs peines, leurs questions, donner du sens \u00e0 leur vie et ce \u00e0 \u00ab la lumi\u00e8re de la Parole de Dieu \u00bb.<br>Le MCR propose un th\u00e8me d\u2019ann\u00e9e qui aide \u00e0 la r\u00e9flexion et au partage. L\u2019\u00e9quipe de Muzillac se r\u00e9unit&nbsp;le deuxi\u00e8me lundi de chaque mois&nbsp;dans la joie. Nous sommes une quinzaine d\u2019ami(e)s qui vous attendent.<\/p>\n\n\n<ul class=\"wp-block-latest-posts__list wp-block-latest-posts\"><\/ul>","protected":false},"excerpt":{"rendered":"<p>Pri\u00e8re de louange Maris Stella Quand ?Le lundi \u00e0 17h \u00e0 l\u2019\u00e9glise de Muzillac et un vendredi sur deux 20h30 \u00e0 l\u2019oratoire de l\u2019\u00e9glise de MuzillacContactJean-Joseph ROUE&nbsp;&nbsp;&#8211; 06 99 35 35 69 Mouvement Chr\u00e9tien des Retrait\u00e9s (MCR) Quand ?Le 2e lundi de chaque moisContactEliane Longuet&nbsp;&#8211;&nbsp;06 09 36 61 61 Retrait\u00e9 ? Ancien ? S\u00e9nior ?<a class=\"more-link\" href=\"https:\/\/paroisses-ambon-damgan-penerf.fr\/?page_id=156\">Lire la suite <span class=\"screen-reader-text\">&#8220;Ressourcement et formation&#8221;<\/span><\/a><\/p>\n","protected":false},"author":2,"featured_media":0,"parent":0,"menu_order":0,"comment_status":"closed","ping_status":"closed","template":"","meta":{"iawp_total_views":0,"footnotes":""},"class_list":["post-156","page","type-page","status-publish","hentry","entry"],"_links":{"self":[{"href":"https:\/\/paroisses-ambon-damgan-penerf.fr\/index.php?rest_route=\/wp\/v2\/pages\/156","targetHints":{"allow":["GET"]}}],"collection":[{"href":"https:\/\/paroisses-ambon-damgan-penerf.fr\/index.php?rest_route=\/wp\/v2\/pages"}],"about":[{"href":"https:\/\/paroisses-ambon-damgan-penerf.fr\/index.php?rest_route=\/wp\/v2\/types\/page"}],"author":[{"embeddable":true,"href":"https:\/\/paroisses-ambon-damgan-penerf.fr\/index.php?rest_route=\/wp\/v2\/users\/2"}],"replies":[{"embeddable":true,"href":"https:\/\/paroisses-ambon-damgan-penerf.fr\/index.php?rest_route=%2Fwp%2Fv2%2Fcomments&post=156"}],"version-history":[{"count":9,"href":"https:\/\/paroisses-ambon-damgan-penerf.fr\/index.php?rest_route=\/wp\/v2\/pages\/156\/revisions"}],"predecessor-version":[{"id":679,"href":"https:\/\/paroisses-ambon-damgan-penerf.fr\/index.php?rest_route=\/wp\/v2\/pages\/156\/revisions\/679"}],"wp:attachment":[{"href":"https:\/\/paroisses-ambon-damgan-penerf.fr\/index.php?rest_route=%2Fwp%2Fv2%2Fmedia&parent=156"}],"curies":[{"name":"wp","href":"https:\/\/api.w.org\/{rel}","templated":true}]}}