{"id":111,"date":"2024-11-25T10:39:00","date_gmt":"2024-11-25T09:39:00","guid":{"rendered":"https:\/\/paroisses-ambon-damgan-penerf.fr\/?page_id=111"},"modified":"2025-06-05T11:06:57","modified_gmt":"2025-06-05T09:06:57","slug":"bapteme-adulte","status":"publish","type":"page","link":"https:\/\/paroisses-ambon-damgan-penerf.fr\/?page_id=111","title":{"rendered":"Bapt\u00eame adulte (Cat\u00e9chum\u00e9nat)"},"content":{"rendered":"\n<div style=\"height:10px\" aria-hidden=\"true\" class=\"wp-block-spacer\"><\/div>\n\n\n\n<blockquote class=\"wp-block-quote is-layout-flow wp-block-quote-is-layout-flow\">\n<p class=\"has-text-align-center\">C&#8217;est toujours une joie pour l&#8217;Eglise et chacun des chr\u00e9tiens qui en font partie <br>d&#8217;accueillir de nouvelles personnes !<\/p>\n<\/blockquote>\n\n\n\n<h3 class=\"wp-block-heading\"><strong>Pourquoi des adultes se font-ils baptiser ?<\/strong><\/h3>\n\n\n\n<p>Les adultes qui demandent le bapt\u00eame sont des personnes d\u2019horizons tr\u00e8s diff\u00e9rents aux histoires  personnelles aussi riches que vari\u00e9es. Certains ont d\u00e9couvert la foi sur le tard, d\u2019autres ont grandi avec une famille vaguement chr\u00e9tienne mais n\u2019ont pas \u00e9t\u00e9 cat\u00e9chis\u00e9s, certains encore sont issus d\u2019autres religions.&nbsp;<strong>Mais ils ont en commun d\u2019avoir v\u00e9cu une conversion profonde.<\/strong>&nbsp;Ils ont rencontr\u00e9 J\u00e9sus-Christ et d\u00e9sirent le suivre en devenant chr\u00e9tiens.<\/p>\n\n\n\n<h3 class=\"wp-block-heading\"><strong>Le bapt\u00eame des adultes est-il diff\u00e9rent du bapt\u00eame des enfants ?<\/strong><\/h3>\n\n\n\n<p><strong>Le sens du bapt\u00eame des adultes est le m\u00eame que celui du bapt\u00eame d\u2019enfant.<\/strong>&nbsp;N\u00e9anmoins, il comporte un aspect propre d\u00fb \u00e0 l\u2019engagement personnel dans une vie nouvelle.&nbsp;<strong>Le bapt\u00eame d\u2019un adulte s\u2019accompagne d\u2019un changement de vie<\/strong>, ce qui n\u2019est pas le cas du jeune enfant.<\/p>\n\n\n\n<h3 class=\"wp-block-heading\"><strong>Quelle est la pr\u00e9paration pour un bapt\u00eame adulte ?<\/strong><\/h3>\n\n\n\n<p>Un bapt\u00eame adulte n\u00e9cessite environ&nbsp;<strong>deux ans de pr\u00e9paration<\/strong>&nbsp;avec des rencontres r\u00e9guli\u00e8res pour mieux conna\u00eetre le Christ et la foi de l\u2019\u00c9glise. Lors de ces deux ann\u00e9es, l\u2019adulte est accompagn\u00e9 par une \u00e9quipe et d\u2019autres futurs baptis\u00e9s. Cette pr\u00e9paration permet \u00e0 chacun de s\u2019exprimer et d\u2019\u00e9changer librement, en d\u00e9couvrant les bases de la foi chr\u00e9tienne.<\/p>\n\n\n\n<h3 class=\"wp-block-heading\"><strong>Qu\u2019est-ce que le cat\u00e9chum\u00e9nat ?<\/strong><\/h3>\n\n\n\n<p>Pour se pr\u00e9parer au bapt\u00eame, il faut participer au&nbsp;<strong>cat\u00e9chum\u00e9nat.<\/strong>&nbsp;C\u2019est le nom que l\u2019on donne \u00e0 la pr\u00e9paration au bapt\u00eame des adultes. Pour y participer, on peut s\u2019adresser \u00e0 un pr\u00eatre ou au&nbsp;<a href=\"https:\/\/diocese92.fr\/trouver-ma-paroisse\/\" target=\"_blank\" rel=\"noreferrer noopener\">secr\u00e9tariat de la paroisse.<\/a>&nbsp;Cette pr\u00e9paration vise la conversion, c\u2019est-\u00e0-dire un changement pour vivre une vie meilleure, en chr\u00e9tien. Cette d\u00e9marche ne se fait pas seul, elle est soutenue d\u2019abord par un \u201c<em>accompagnateur<\/em>\u201d que l\u2019on rencontre r\u00e9guli\u00e8rement et qui apporte au cat\u00e9chum\u00e8ne une cat\u00e9ch\u00e8se, une r\u00e9flexion doctrinale, un partage de vie et un lien avec la communaut\u00e9 chr\u00e9tienne.<\/p>\n\n\n\n<p>Il n\u2019y a rien \u00e0 payer, ni pour se pr\u00e9parer au bapt\u00eame, ni pour le recevoir.<\/p>\n\n\n\n<h3 class=\"wp-block-heading\"><strong>Que d\u00e9couvre-t-on au cat\u00e9chum\u00e9nat ?<\/strong><\/h3>\n\n\n\n<p>Participer au cat\u00e9chum\u00e9nat est une d\u00e9marche engageante, mais qui est source de joie tant pour les int\u00e9ress\u00e9s que pour la communaut\u00e9 qui les entoure. Ceux qui se mettent en marche vers le bapt\u00eame d\u00e9couvrent qu\u2019ils ne sont pas seuls sur ce chemin d\u2019esp\u00e9rance. La rencontre r\u00e9guli\u00e8re avec son accompagnateur est un temps fort d\u2019amiti\u00e9 et de partage.<\/p>\n\n\n\n<p>Ce temps de pr\u00e9paration peut para\u00eetre long,&nbsp;<strong>mais c\u2019est un temps donn\u00e9 pour faire conna\u00eetre le Christ et son Eglise.&nbsp;<\/strong>C\u2019est pourquoi, m\u00eame si certaines personnes voudraient faire une pr\u00e9paration rapide avant un \u00e9v\u00e9nement, ce n\u2019est pas possible.<\/p>\n\n\n\n<p>De plus, la pr\u00e9paration est longue, mais elle prend peu de temps chaque mois.<\/p>\n\n\n\n<h3 class=\"wp-block-heading\"><strong>Quelles sont les \u00e9tapes du cat\u00e9chum\u00e9nat ?<\/strong><\/h3>\n\n\n\n<ul class=\"wp-block-list\">\n<li class=\"has-text-color has-link-color wp-elements-89a05ca317bc49c7a08dfe7e206129db\" style=\"color:#319fe1\"><strong>L\u2019initiation chr\u00e9tienne<\/strong><\/li>\n<\/ul>\n\n\n\n<p>C\u2019est un temps de pr\u00e9paration assez court qui pr\u00e9c\u00e8de l\u2019entr\u00e9e en cat\u00e9chum\u00e9nat. Ce temps est appel\u00e9 aussi \u201c<em>pr\u00e9-cat\u00e9chum\u00e9nat<\/em>\u201c. C\u2019est un temps de discernement des intentions du candidat au bapt\u00eame. Il faut en effet \u00eatre vigilant sur les motivations qui, consciemment ou non, peuvent guider la d\u00e9marche de l\u2019int\u00e9ress\u00e9.<\/p>\n\n\n\n<ul class=\"wp-block-list\">\n<li class=\"has-text-color has-link-color wp-elements-58f032bdf0315309be677764063aacd6\" style=\"color:#319fe1\"><strong>L\u2019entr\u00e9e en cat\u00e9chum\u00e9nat<\/strong><\/li>\n<\/ul>\n\n\n\n<p>C\u2019est la premi\u00e8re \u00e9tape liturgique de l\u2019initiation chr\u00e9tienne des adultes. La c\u00e9l\u00e9bration commence par le Rite d\u2019entr\u00e9e dans l\u2019\u00c9glise qui a lieu en dehors de l\u2019\u00e9glise, devant la porte. Apr\u00e8s une salutation, le c\u00e9l\u00e9brant demande au candidat :<\/p>\n\n\n\n<blockquote class=\"wp-block-quote is-layout-flow wp-block-quote-is-layout-flow\">\n<p>\u201c<em>Quel est votre nom ?<\/em>&nbsp;<em>Que demandez vous \u00e0 l\u2019\u00c9glise de Dieu ?<\/em>\u201c<\/p>\n\n\n\n<p>-La foi.<\/p>\n\n\n\n<p><em>-Que vous apporte la foi ?<\/em><\/p>\n\n\n\n<p>-La vie \u00e9ternelle\u201d.<\/p>\n<\/blockquote>\n\n\n\n<p>Le c\u00e9l\u00e9brant marque alors du signe de la croix le front du candidat, puis il fait la \u201csignation\u201d sur ses oreilles, ses yeux, sa bouche, son c\u0153ur et ses \u00e9paules. Puis il invite l\u2019assembl\u00e9e \u00e0 entrer dans l\u2019\u00e9glise.<\/p>\n\n\n\n<p>La c\u00e9r\u00e9monie peut commencer autrement. Les candidats sont seuls \u00e0 \u00eatre \u00e0&nbsp;<strong>l\u2019ext\u00e9rieur de l\u2019\u00e9glise.<\/strong>&nbsp;Ils frappent fort \u00e0 la porte. Quand les coups ont retenti, un membre de l\u2019\u00e9quipe ouvre tout grand la porte de l\u2019\u00e9glise. Apr\u00e8s la lecture de l\u2019\u00c9vangile et l\u2019hom\u00e9lie, un accompagnateur peut donner le livre des \u00c9vangiles \u00e0 chacun des cat\u00e9chum\u00e8nes.<\/p>\n\n\n\n<p>Apr\u00e8s \u201c<em>l\u2019entr\u00e9 en cat\u00e9chum\u00e9nat<\/em>\u201c, le cat\u00e9chum\u00e8ne a d\u00e9j\u00e0 un statut dans l\u2019\u00c9glise. Il est inscrit dans le registre dioc\u00e9sain des cat\u00e9chum\u00e8nes. Il peut avoir des fun\u00e9railles chr\u00e9tienne, s\u2019il meurt cat\u00e9chum\u00e8ne. Le rituel du mariage pr\u00e9voit de tenir compte de l\u2019\u00e9tat de cat\u00e9chum\u00e8ne. Il peut recevoir une b\u00e9n\u00e9diction, les cendres. Mais il ne peut recevoir un sacrement (la r\u00e9conciliation, l\u2019onction des malades\u2026) puisqu\u2019il n\u2019a pas re\u00e7u le premier : le bapt\u00eame.<\/p>\n\n\n\n<p>&nbsp;De m\u00eame, il ne proclame pas la Parole de Dieu et ne lit pas la pri\u00e8re universelle.<\/p>\n\n\n\n<ul class=\"wp-block-list\">\n<li class=\"has-text-color has-link-color wp-elements-b4550e8fc236e323a379d8e7c1e600b9\" style=\"color:#319fe1\"><strong>L\u2019appel d\u00e9cisif au d\u00e9but du Car\u00eame<\/strong><\/li>\n<\/ul>\n\n\n\n<p>Cette c\u00e9l\u00e9bration de&nbsp;<strong>l\u2019appel d\u00e9cisif des adultes<\/strong>&nbsp;est normalement pr\u00e9sid\u00e9e par l\u2019\u00e9v\u00eaque du dioc\u00e8se. La c\u00e9l\u00e9bration de l\u2019appel d\u00e9cisif au bapt\u00eame est \u00e0 la fois solennelle et \u00e9mouvante. Elle termine le temps du cat\u00e9chum\u00e9nat et ouvre le temps ultime avant le bapt\u00eame, temps et c\u00e9l\u00e9brations de purification et d\u2019illumination.<\/p>\n\n\n\n<p>La c\u00e9l\u00e9bration se d\u00e9roule ainsi : apr\u00e8s l\u2019appel nominal des cat\u00e9chum\u00e8nes, l\u2019\u00e9v\u00eaque interroge les parrains, il leur demande s\u2019ils jugent que leur filleul est apte \u00e0 recevoir le bapt\u00eame et il demande \u00e0 l\u2019assembl\u00e9e son accord. Apr\u00e8s la liturgie de la parole, il demande aux cat\u00e9chum\u00e8nes s\u2019ils d\u00e9sirent recevoir le bapt\u00eame et prononce l\u2019appel d\u00e9cisif au bapt\u00eame. L\u2019\u00e9v\u00eaque les invite alors \u00e0 inscrire leur nom sur le registre dioc\u00e9sain et il leur dit \u201c<em>Vous \u00eates appel\u00e9s<\/em>\u201c.<\/p>\n\n\n\n<ul class=\"wp-block-list\">\n<li class=\"has-text-color has-link-color wp-elements-c2632ac8c35d2e09d2cdd6f3780d2a9d\" style=\"color:#319fe1\"><strong>Les \u201cscrutins\u201d<\/strong><\/li>\n<\/ul>\n\n\n\n<p>Apr\u00e8s l\u2019appel d\u00e9cisif par l\u2019\u00e9v\u00eaque, le cat\u00e9chum\u00e8ne se pr\u00e9pare imm\u00e9diatement au bapt\u00eame, qu\u2019il recevra \u00e0 P\u00e2ques. Il participe \u00e0 une c\u00e9l\u00e9bration de purification ou de conversion (ou il se reconna\u00eet p\u00e9cheur et se dispose \u00e0 recevoir le pardon de Dieu). Le premier scrutin est une pri\u00e8re d\u2019 exorcisme. Il peut aussi participer \u00e0 une c\u00e9l\u00e9bration d\u2019illumination ou il re\u00e7oit le texte du \u201c<em>Notre P\u00e8re<\/em>\u201d et celui du \u201c<em>Je crois en Dieu<\/em>\u201c. On appelle cette c\u00e9l\u00e9bration \u201c<em>&nbsp;scrutins<\/em>&nbsp;\u201d parce que les cat\u00e9chum\u00e8nes se laissent scruter par Dieu et scrutent leur propre c\u0153ur \u00e0 sa lumi\u00e8re.<\/p>\n\n\n\n<ul class=\"wp-block-list\">\n<li class=\"has-text-color has-link-color wp-elements-1e97f66544cc1c1b054ecb0629fb4b9b\" style=\"color:#319fe1\"><strong>Le bapt\u00eame<\/strong><\/li>\n<\/ul>\n\n\n\n<p>En g\u00e9n\u00e9ral, la c\u00e9l\u00e9bration du bapt\u00eame adulte, se passe \u00e0 P\u00e2ques au cours de la veill\u00e9e pascale. Il est cependant possible de demander le bapt\u00eame un autre jour.<\/p>\n\n\n\n<p>Le jour de son bapt\u00eame, le baptis\u00e9 adulte recevra \u00e9galement&nbsp;<strong><a href=\"http:\/\/paroisse-muzillac-billiers.fr\/?page_id=115\">sa confirmation.<\/a><\/strong><\/p>\n\n\n\n<p class=\"has-text-align-left has-background\" style=\"background-color:#c1cadb70\">N&#8217;h\u00e9sitez pas \u00e0 contacter la <strong>paroisse&nbsp;de Muzillac-Billiers,<\/strong> 5 avenue Lamennais, 56190 MUZILLAC,<br><strong><a href=\"tel:33297416749\">+33 2 97 41 67 49<\/a> ; <a href=\"mailto:presbytere.muzillac@gmail.com\">presbytere.muzillac@gmail.com<\/a><\/strong><br><em>Horaires des permanences : du lundi au vendredi : 10h-12h et 14h-16h et le samedi : 10h-12h<\/em><\/p>\n","protected":false},"excerpt":{"rendered":"<p>C&#8217;est toujours une joie pour l&#8217;Eglise et chacun des chr\u00e9tiens qui en font partie d&#8217;accueillir de nouvelles personnes ! Pourquoi des adultes se font-ils baptiser ? Les adultes qui demandent le bapt\u00eame sont des personnes d\u2019horizons tr\u00e8s diff\u00e9rents aux histoires personnelles aussi riches que vari\u00e9es. Certains ont d\u00e9couvert la foi sur le tard, d\u2019autres ont<a class=\"more-link\" href=\"https:\/\/paroisses-ambon-damgan-penerf.fr\/?page_id=111\">Lire la suite <span class=\"screen-reader-text\">&#8220;Bapt\u00eame adulte (Cat\u00e9chum\u00e9nat)&#8221;<\/span><\/a><\/p>\n","protected":false},"author":2,"featured_media":0,"parent":0,"menu_order":0,"comment_status":"closed","ping_status":"closed","template":"","meta":{"iawp_total_views":2,"footnotes":""},"class_list":["post-111","page","type-page","status-publish","hentry","entry"],"_links":{"self":[{"href":"https:\/\/paroisses-ambon-damgan-penerf.fr\/index.php?rest_route=\/wp\/v2\/pages\/111","targetHints":{"allow":["GET"]}}],"collection":[{"href":"https:\/\/paroisses-ambon-damgan-penerf.fr\/index.php?rest_route=\/wp\/v2\/pages"}],"about":[{"href":"https:\/\/paroisses-ambon-damgan-penerf.fr\/index.php?rest_route=\/wp\/v2\/types\/page"}],"author":[{"embeddable":true,"href":"https:\/\/paroisses-ambon-damgan-penerf.fr\/index.php?rest_route=\/wp\/v2\/users\/2"}],"replies":[{"embeddable":true,"href":"https:\/\/paroisses-ambon-damgan-penerf.fr\/index.php?rest_route=%2Fwp%2Fv2%2Fcomments&post=111"}],"version-history":[{"count":3,"href":"https:\/\/paroisses-ambon-damgan-penerf.fr\/index.php?rest_route=\/wp\/v2\/pages\/111\/revisions"}],"predecessor-version":[{"id":509,"href":"https:\/\/paroisses-ambon-damgan-penerf.fr\/index.php?rest_route=\/wp\/v2\/pages\/111\/revisions\/509"}],"wp:attachment":[{"href":"https:\/\/paroisses-ambon-damgan-penerf.fr\/index.php?rest_route=%2Fwp%2Fv2%2Fmedia&parent=111"}],"curies":[{"name":"wp","href":"https:\/\/api.w.org\/{rel}","templated":true}]}}